
What is the thousands digit of 6892?
6
What is the units digit of 800?
0
What is the hundreds digit of 66009?
0
What is the tens digit of 2314?
1
What is the units digit of 1297?
7
What is the hundreds digit of 260?
2
What is the units digit of 26907?
7
What is the hundreds digit of 2364?
3
What is the units digit of 5223?
3
What is the tens digit of 9111?
1
What is the units digit of 27?
7
What is the tens digit of 41902?
0
What is the units digit of 73?
3
What is the tens digit of 2357?
5
What is the hundreds digit of 14885?
8
What is the tens digit of 568?
6
What is the hundreds digit of 14107?
1
What is the thousands digit of 35396?
5
What is the tens digit of 5491?
9
What is the hundreds digit of 79270?
2
What is the thousands digit of 2930?
2
What is the units digit of 26399?
9
What is the units digit of 988?
8
What is the tens digit of 3724?
2
What is the tens digit of 2525?
2
What is the tens digit of 11747?
4
What is the hundreds digit of 14186?
1
What is the tens digit of 33486?
8
What is the hundreds digit of 7034?
0
What is the tens digit of 3234?
3
What is the thousands digit of 28641?
8
What is the units digit of 36153?
3
What is the tens digit of 10699?
9
What is the tens digit of 258?
5
What is the thousands digit of 3045?
3
What is the units digit of 133482?
2
What is the ten thousands digit of 128562?
2
What is the tens digit of 1854?
5
What is the units digit of 73109?
9
What is the hundreds digit of 847?
8
What is the hundreds digit of 142558?
5
What is the tens digit of 1550?
5
What is the units digit of 25205?
5
What is the tens digit of 17195?
9
What is the hundreds digit of 1062?
0
What is the units digit of 896?
6
What is the units digit of 48009?
9
What is the units digit of 10079?
9
What is the tens digit of 7671?
7
What is the ten thousands digit of 19849?
1
What is the tens digit of 857?
5
What is the tens digit of 220?
2
What is the tens digit of 768?
6
What is the tens digit of 1279?
7
What is the thousands digit of 22230?
2
What is the hundreds digit of 276?
2
What is the units digit of 14410?
0
What is the hundreds digit of 17622?
6
What is the tens digit of 6224?
2
What is the tens digit of 691?
9
What is the tens digit of 500?
0
What is the units digit of 2783?
3
What is the thousands digit of 1148?
1
What is the tens digit of 800?
0
What is the units digit of 3522?
2
What is the units digit of 12006?
6
What is the hundreds digit of 873?
8
What is the tens digit of 12322?
2
What is the hundreds digit of 1766?
7
What is the hundreds digit of 51559?
5
What is the hundreds digit of 846?
8
What is the hundreds digit of 1223?
2
What is the tens digit of 2815?
1
What is the ten thousands digit of 29895?
2
What is the tens digit of 16809?
0
What is the thousands digit of 9438?
9
What is the ten thousands digit of 54943?
5
What is the tens digit of 14060?
6
What is the thousands digit of 77298?
7
What is the thousands digit of 1198?
1
What is the hundred thousands digit of 124713?
1
What is the tens digit of 4659?
5
What is the hundreds digit of 1521?
5
What is the hundreds digit of 25007?
0
What is the thousands digit of 18623?
8
What is the thousands digit of 7540?
7
What is the units digit of 20409?
9
What is the tens digit of 56901?
0
What is the thousands digit of 46344?
6
What is the tens digit of 2325?
2
What is the tens digit of 22173?
7
What is the ten thousands digit of 99547?
9
What is the units digit of 3564?
4
What is the units digit of 11453?
3
What is the units digit of 514?
4
What is the tens digit of 1395?
9
What is the hundreds digit of 874?
8
What is the ten thousands digit of 52914?
5
What is the units digit of 393?
3
What is the tens digit of 43720?
2
What is the units digit of 49207?
7
What is the hundreds digit of 20115?
1
What is the tens digit of 122?
2
What is the hundreds digit of 579?
5
What is the thousands digit of 4266?
4
What is the thousands digit of 3907?
3
What is the ten thousands digit of 57372?
5
What is the hundreds digit of 472?
4
What is the tens digit of 3352?
5
What is the thousands digit of 15065?
5
What is the units digit of 2336?
6
What is the units digit of 1568?
8
What is the ten thousands digit of 11788?
1
What is the tens digit of 154?
5
What is the units digit of 807?
7
What is the units digit of 528?
8
What is the tens digit of 87907?
0
What is the units digit of 47227?
7
What is the thousands digit of 43455?
3
What is the hundreds digit of 42944?
9
What is the units digit of 6793?
3
What is the units digit of 881?
1
What is the hundreds digit of 74216?
2
What is the units digit of 4876?
6
What is the hundreds digit of 16040?
0
What is the units digit of 899?
9
What is the thousands digit of 30573?
0
What is the hundreds digit of 6453?
4
What is the hundreds digit of 4830?
8
What is the thousands digit of 2777?
2
What is the tens digit of 50761?
6
What is the hundreds digit of 6535?
5
What is the tens digit of 1863?
6
What is the units digit of 1623?
3
What is the tens digit of 24377?
7
What is the units digit of 13258?
8
What is the tens digit of 77571?
7
What is the units digit of 4391?
1
What is the units digit of 863?
3
What is the tens digit of 126?
2
What is the tens digit of 46923?
2
What is the thousands digit of 1622?
1
What is the hundreds digit of 11722?
7
What is the tens digit of 88?
8
What is the hundreds digit of 2469?
4
What is the hundreds digit of 134?
1
What is the tens digit of 3162?
6
What is the units digit of 744?
4
What is the hundreds digit of 3395?
3
What is the hundreds digit of 5519?
5
What is the units digit of 2678?
8
What is the hundreds digit of 670?
6
What is the thousands digit of 21673?
1
What is the units digit of 6818?
8
What is the thousands digit of 5557?
5
What is the units digit of 12477?
7
What is the tens digit of 1083?
8
What is the units digit of 9141?
1
What is the thousands digit of 49718?
9
What is the thousands digit of 42596?
2
What is the hundreds digit of 122?
1
What is the tens digit of 5898?
9
What is the tens digit of 1260?
6
What is the ten thousands digit of 30261?
3
What is the thousands digit of 2724?
2
What is the hundreds digit of 130983?
9
What is the ten thousands digit of 21708?
2
What is the units digit of 304?
4
What is the hundreds digit of 476?
4
What is the hundreds digit of 690?
6
What is the thousands digit of 1479?
1
What is the tens digit of 8084?
8
What is the thousands digit of 3143?
3
What is the tens digit of 15085?
8
What is the hundreds digit of 687?
6
What is the units digit of 3508?
8
What is the hundreds digit of 513?
5
What is the units digit of 930?
0
What is the tens digit of 716?
1
What is the hundreds digit of 7431?
4
What is the thousands digit of 19333?
9
What is the thousands digit of 16271?
6
What is the units digit of 5190?
0
What is the hundreds digit of 3232?
2
What is the hundreds digit of 5219?
2
What is the hundreds digit of 24154?
1
What is the thousands digit of 1633?
1
What is the units digit of 669?
9
What is the ten thousands digit of 12223?
1
What is the thousands digit of 19006?
9
What is the tens digit of 177?
7
What is the units digit of 298?
8
What is the thousands digit of 56264?
6
What is the hundreds digit of 363?
3
What is the ten thousands digit of 49469?
4
What is the hundreds digit of 1007?
0
What is the thousands digit of 6446?
6
What is the hundreds digit of 599?
5
What is the hundreds digit of 180849?
8
What is the tens digit of 2739?
3
What is the ten thousands digit of 14469?
1
What is the tens digit of 4567?
6
What is the thousands digit of 3552?
3
What is the tens digit of 922?
2
What is the thousands digit of 20722?
0
What is the thousands digit of 2123?
2
What is the thousands digit of 16806?
6
What is the tens digit of 3035?
3
What is the tens digit of 79?
7
What is the hundreds digit of 115121?
1
What is the thousands digit of 2736?
2
What is the tens digit of 837?
3
What is the tens digit of 245?
4
What is the hundreds digit of 1965?
9
What is the hundreds digit of 2728?
7
What is the thousands digit of 79588?
9
What is the tens digit of 191?
9
What is the units digit of 477?
7
What is the thousands digit of 21642?
1
What is the ten thousands digit of 26085?
2
What is the hundreds digit of 132165?
1
What is the thousands digit of 8552?
